{"id":43,"date":"2019-12-10T13:42:30","date_gmt":"2019-12-10T12:42:30","guid":{"rendered":"https:\/\/volontariatomartinafranca.it\/amici-della-sicurezza-terra-delle-gravine\/?page_id=43"},"modified":"2023-09-26T14:22:50","modified_gmt":"2023-09-26T12:22:50","slug":"chi-siamo","status":"publish","type":"page","link":"https:\/\/volontariatomartinafranca.it\/amici-della-sicurezza-terra-delle-gravine\/chi-siamo\/","title":{"rendered":"Chi siamo"},"content":{"rendered":"<h3 style=\"text-align: center\"><span style=\"color: #000080\">L\u2019associazione di volontariato e Protezione Civile<\/span><\/h3>\n<h3 style=\"text-align: center\"><span style=\"color: #000080\"><strong>&#8220;Amici della Sicurezza Terra delle Gravine&#8221;<\/strong><\/span><\/h3>\n<p>&nbsp;<\/p>\n<h3 style=\"text-align: center\"><span style=\"color: #000000\">non ha scopo di lucro, persegue esclusivamente finalit\u00e0 di solidariet\u00e0 sociale e opera con attivit\u00e0 di volontariato inteso come espressione di partecipazione e pluralismo, principalmente a favore di soggetti terzi.<\/span><\/h3>\n<div id='gallery-1' class='gallery galleryid-43 gallery-columns-5 gallery-size-thumbnail'><figure class='gallery-item'>\n\t\t\t<div class='gallery-icon landscape'>\n\t\t\t\t<a href='https:\/\/volontariatomartinafranca.it\/amici-della-sicurezza-terra-delle-gravine\/chi-siamo\/img-20200331-wa0076\/'><img loading=\"lazy\" decoding=\"async\" width=\"150\" height=\"150\" src=\"https:\/\/volontariatomartinafranca.it\/amici-della-sicurezza-terra-delle-gravine\/wp-content\/uploads\/sites\/23\/2021\/04\/IMG-20200331-WA0076-150x150.jpg\" class=\"attachment-thumbnail size-thumbnail\" alt=\"\" srcset=\"https:\/\/volontariatomartinafranca.it\/amici-della-sicurezza-terra-delle-gravine\/wp-content\/uploads\/sites\/23\/2021\/04\/IMG-20200331-WA0076-150x150.jpg 150w, https:\/\/volontariatomartinafranca.it\/amici-della-sicurezza-terra-delle-gravine\/wp-content\/uploads\/sites\/23\/2021\/04\/IMG-20200331-WA0076-600x600.jpg 600w\" sizes=\"auto, (max-width: 150px) 100vw, 150px\" \/><\/a>\n\t\t\t<\/div><\/figure><figure class='gallery-item'>\n\t\t\t<div class='gallery-icon landscape'>\n\t\t\t\t<a href='https:\/\/volontariatomartinafranca.it\/amici-della-sicurezza-terra-delle-gravine\/chi-siamo\/img-20200403-wa0022\/'><img loading=\"lazy\" decoding=\"async\" width=\"150\" height=\"150\" src=\"https:\/\/volontariatomartinafranca.it\/amici-della-sicurezza-terra-delle-gravine\/wp-content\/uploads\/sites\/23\/2021\/04\/IMG-20200403-WA0022-150x150.jpg\" class=\"attachment-thumbnail size-thumbnail\" alt=\"\" srcset=\"https:\/\/volontariatomartinafranca.it\/amici-della-sicurezza-terra-delle-gravine\/wp-content\/uploads\/sites\/23\/2021\/04\/IMG-20200403-WA0022-150x150.jpg 150w, https:\/\/volontariatomartinafranca.it\/amici-della-sicurezza-terra-delle-gravine\/wp-content\/uploads\/sites\/23\/2021\/04\/IMG-20200403-WA0022-600x600.jpg 600w\" sizes=\"auto, (max-width: 150px) 100vw, 150px\" \/><\/a>\n\t\t\t<\/div><\/figure><figure class='gallery-item'>\n\t\t\t<div class='gallery-icon landscape'>\n\t\t\t\t<a href='https:\/\/volontariatomartinafranca.it\/amici-della-sicurezza-terra-delle-gravine\/chi-siamo\/img-20200412-wa0118\/'><img loading=\"lazy\" decoding=\"async\" width=\"150\" height=\"150\" src=\"https:\/\/volontariatomartinafranca.it\/amici-della-sicurezza-terra-delle-gravine\/wp-content\/uploads\/sites\/23\/2021\/04\/IMG-20200412-WA0118-150x150.jpg\" class=\"attachment-thumbnail size-thumbnail\" alt=\"\" srcset=\"https:\/\/volontariatomartinafranca.it\/amici-della-sicurezza-terra-delle-gravine\/wp-content\/uploads\/sites\/23\/2021\/04\/IMG-20200412-WA0118-150x150.jpg 150w, https:\/\/volontariatomartinafranca.it\/amici-della-sicurezza-terra-delle-gravine\/wp-content\/uploads\/sites\/23\/2021\/04\/IMG-20200412-WA0118-600x600.jpg 600w\" sizes=\"auto, (max-width: 150px) 100vw, 150px\" \/><\/a>\n\t\t\t<\/div><\/figure><figure class='gallery-item'>\n\t\t\t<div class='gallery-icon landscape'>\n\t\t\t\t<a href='https:\/\/volontariatomartinafranca.it\/amici-della-sicurezza-terra-delle-gravine\/chi-siamo\/img_0666\/'><img loading=\"lazy\" decoding=\"async\" width=\"150\" height=\"150\" src=\"https:\/\/volontariatomartinafranca.it\/amici-della-sicurezza-terra-delle-gravine\/wp-content\/uploads\/sites\/23\/2021\/04\/IMG_0666-150x150.jpg\" class=\"attachment-thumbnail size-thumbnail\" alt=\"\" srcset=\"https:\/\/volontariatomartinafranca.it\/amici-della-sicurezza-terra-delle-gravine\/wp-content\/uploads\/sites\/23\/2021\/04\/IMG_0666-150x150.jpg 150w, https:\/\/volontariatomartinafranca.it\/amici-della-sicurezza-terra-delle-gravine\/wp-content\/uploads\/sites\/23\/2021\/04\/IMG_0666-600x600.jpg 600w\" sizes=\"auto, (max-width: 150px) 100vw, 150px\" \/><\/a>\n\t\t\t<\/div><\/figure>\n\t\t<\/div>\n\n<p>&nbsp;<\/p>\n<p>L\u2019Associazione si prefigge lo scopo fondamentale di effettuare interventi di soccorso civile nell\u2019ambito del comune di Mottola e, se richiesto, anche a livello intercomunale, provinciale, regionale e nazionale, prestando l&#8217;opera dei suoi volontari in caso di calamit\u00e0 e in ogni caso in cui ne venga richiesta la presenza.<\/p>\n<p><img loading=\"lazy\" decoding=\"async\" class=\" wp-image-569 alignleft\" src=\"https:\/\/volontariatomartinafranca.it\/amici-della-sicurezza-terra-delle-gravine\/wp-content\/uploads\/sites\/23\/2021\/04\/ass.jpg\" alt=\"\" width=\"201\" height=\"198\" \/><\/p>\n<p>Unisce in associazione tutte le persone che hanno interesse allo sviluppo del senso civico,\u00a0 della solidariet\u00e0,\u00a0 della cultura e del sociale, operando anche\u00a0 nell\u2019ambito della Protezione Civile.<\/p>\n<p>Secondo la disponibilit\u00e0 di risorse umane e mezzi,\u00a0 interviene\u00a0 per la sicurezza del territorio, segnalazione incendi, sicurezza stradale e della mobilit\u00e0, salvaguardia e vigilanza dell\u2019ambiente, della fauna e della flora, difesa e protezione degli animali, fauna ittica.<\/p>\n<p>Questa associazione costruisce giorno dopo giorno una storia tenera e potente costruita dai volontari che hanno deciso di offrire tempo e competenze al servizio dei cittadini. Realizza un dispiegamento di risorse supplementari e le mette sul campo, ad integrare le attivit\u00e0 gi\u00e0 svolte, di supporto alle Forze dell\u2019Ordine e Polizia Locale.<\/p>\n<p>&nbsp;<\/p>\n<p style=\"text-align: center\"><span style=\"font-size: 20px\">Di rilievo \u00e8 la creazione del&#8230;<\/span><\/p>\n<p><img loading=\"lazy\" decoding=\"async\" class=\"size-medium wp-image-539 alignleft\" src=\"https:\/\/volontariatomartinafranca.it\/amici-della-sicurezza-terra-delle-gravine\/wp-content\/uploads\/sites\/23\/2021\/04\/collage-droni-300x300.jpg\" alt=\"droni amici della sicurezza\" width=\"300\" height=\"300\" srcset=\"https:\/\/volontariatomartinafranca.it\/amici-della-sicurezza-terra-delle-gravine\/wp-content\/uploads\/sites\/23\/2021\/04\/collage-droni-300x300.jpg 300w, https:\/\/volontariatomartinafranca.it\/amici-della-sicurezza-terra-delle-gravine\/wp-content\/uploads\/sites\/23\/2021\/04\/collage-droni-1024x1024.jpg 1024w, https:\/\/volontariatomartinafranca.it\/amici-della-sicurezza-terra-delle-gravine\/wp-content\/uploads\/sites\/23\/2021\/04\/collage-droni-150x150.jpg 150w, https:\/\/volontariatomartinafranca.it\/amici-della-sicurezza-terra-delle-gravine\/wp-content\/uploads\/sites\/23\/2021\/04\/collage-droni-768x768.jpg 768w, https:\/\/volontariatomartinafranca.it\/amici-della-sicurezza-terra-delle-gravine\/wp-content\/uploads\/sites\/23\/2021\/04\/collage-droni-1536x1536.jpg 1536w, https:\/\/volontariatomartinafranca.it\/amici-della-sicurezza-terra-delle-gravine\/wp-content\/uploads\/sites\/23\/2021\/04\/collage-droni-600x600.jpg 600w, https:\/\/volontariatomartinafranca.it\/amici-della-sicurezza-terra-delle-gravine\/wp-content\/uploads\/sites\/23\/2021\/04\/collage-droni.jpg 1920w\" sizes=\"auto, (max-width: 300px) 100vw, 300px\" \/><\/p>\n<p>&nbsp;<\/p>\n<p style=\"text-align: center\"><span style=\"font-size: 19px\">\u201c<strong>NUCLEO DRONI<\/strong>\u201d,<\/span><\/p>\n<p style=\"text-align: center\">che si avvale di piloti certificati dall\u2019EASA\/ENAC per il volo in zone critiche urbane ed extraurbane con\u00a0 squadre di volontari addestrate per le attivit\u00e0 di supporto a terra e durante il volo degli UAV.<\/p>\n<p>&nbsp;<\/p>\n<p>&nbsp;<\/p>\n<p><strong>\u00a0E molto di pi\u00f9&#8230;<\/strong><\/p>\n<p>Si occupa dell&#8217;organizzazione e gestione di attivit\u00e0 culturali, artistiche, ricreative, turistico-promozionali, consumeristiche, sanitarie e sociali di vario genere e interesse, nonch\u00e8 della valorizzazione dei Beni Culturali.<\/p>\n<p>Svolge attivit\u00e0 di volontariato in maniera autonoma o in collaborazione con altre associazioni, enti e soggetti privati aventi finalit\u00e0 simili e che ne condividono gli scopi e le finalit\u00e0.<\/p>\n","protected":false},"excerpt":{"rendered":"<p>L\u2019associazione di volontariato e Protezione Civile &#8220;Amici della Sicurezza Terra delle &#8230; <\/p>\n","protected":false},"author":1,"featured_media":0,"parent":0,"menu_order":0,"comment_status":"closed","ping_status":"closed","template":"","meta":{"_acf_changed":false,"footnotes":""},"class_list":["post-43","page","type-page","status-publish","hentry"],"acf":[],"_links":{"self":[{"href":"https:\/\/volontariatomartinafranca.it\/amici-della-sicurezza-terra-delle-gravine\/wp-json\/wp\/v2\/pages\/43","targetHints":{"allow":["GET"]}}],"collection":[{"href":"https:\/\/volontariatomartinafranca.it\/amici-della-sicurezza-terra-delle-gravine\/wp-json\/wp\/v2\/pages"}],"about":[{"href":"https:\/\/volontariatomartinafranca.it\/amici-della-sicurezza-terra-delle-gravine\/wp-json\/wp\/v2\/types\/page"}],"author":[{"embeddable":true,"href":"https:\/\/volontariatomartinafranca.it\/amici-della-sicurezza-terra-delle-gravine\/wp-json\/wp\/v2\/users\/1"}],"replies":[{"embeddable":true,"href":"https:\/\/volontariatomartinafranca.it\/amici-della-sicurezza-terra-delle-gravine\/wp-json\/wp\/v2\/comments?post=43"}],"version-history":[{"count":65,"href":"https:\/\/volontariatomartinafranca.it\/amici-della-sicurezza-terra-delle-gravine\/wp-json\/wp\/v2\/pages\/43\/revisions"}],"predecessor-version":[{"id":732,"href":"https:\/\/volontariatomartinafranca.it\/amici-della-sicurezza-terra-delle-gravine\/wp-json\/wp\/v2\/pages\/43\/revisions\/732"}],"wp:attachment":[{"href":"https:\/\/volontariatomartinafranca.it\/amici-della-sicurezza-terra-delle-gravine\/wp-json\/wp\/v2\/media?parent=43"}],"curies":[{"name":"wp","href":"https:\/\/api.w.org\/{rel}","templated":true}]}}