{"id":43,"date":"2019-12-10T13:42:30","date_gmt":"2019-12-10T12:42:30","guid":{"rendered":"https:\/\/volontariatomartinafranca.it\/auser\/?page_id=43"},"modified":"2021-01-24T23:54:23","modified_gmt":"2021-01-24T22:54:23","slug":"chi-siamo","status":"publish","type":"page","link":"https:\/\/volontariatomartinafranca.it\/auser\/chi-siamo\/","title":{"rendered":"Chi siamo"},"content":{"rendered":"<div class=\"wpb-content-wrapper\"><p>[vc_row content_placement=&#8221;top&#8221; css=&#8221;.vc_custom_1583350329939{margin-bottom: 0px !important;padding-bottom: 0px !important;}&#8221;][vc_column][vc_custom_heading text=&#8221;Auser&#8221; font_container=&#8221;tag:h3|text_align:left&#8221; use_theme_fonts=&#8221;yes&#8221;][\/vc_column][\/vc_row][vc_row content_placement=&#8221;top&#8221; css=&#8221;.vc_custom_1583350310546{margin-top: 0px !important;margin-bottom: 0px !important;padding-top: 0px !important;padding-bottom: 0px !important;}&#8221;][vc_column width=&#8221;1\/2&#8243; css=&#8221;.vc_custom_1583350447582{margin-bottom: 0px !important;padding-bottom: 0px !important;}&#8221;][vc_column_text css=&#8221;.vc_custom_1611528835828{margin-bottom: 0px !important;}&#8221;]Auser \u00e8 una associazione di volontariato e di promozione sociale, impegnata nel <strong>favorire l\u2019invecchiamento attivo degli anziani <\/strong>e valorizzare il loro ruolo nella societ\u00e0.<br \/>\nLa nostra proposta associativa \u00e8 rivolta in maniera prioritaria agli anziani, ma \u00e8 aperta alle relazioni di dialogo tra generazioni, nazionalit\u00e0, culture diverse.<br \/>\nUn\u2019associazione per la quale <strong>la persona \u00e8 protagonista <\/strong>e risorsa per s\u00e9 e per gli altri <strong>in tutte le et\u00e0.<\/strong><\/p>\n<p>Ci proponiamo di:<\/p>\n<p>\u2013<strong>Migliorare <\/strong>la qualit\u00e0 della vita;<br \/>\n\u2013 <strong>Contrastare <\/strong>ogni forma di esclusione e discriminazione sociale, in particolare nei confronti dei migranti e delle donne di tutte le et\u00e0<br \/>\n\u2013 <strong>Sostenere <\/strong>le fragilit\u00e0<br \/>\n\u2013 Diffondere la cultura e la pratica della <strong>solidariet\u00e0 <\/strong>e della <strong>partecipazione<\/strong>;<br \/>\n\u2013 <strong>Valorizzare <\/strong>l\u2019esperienza, le capacit\u00e0, la creativit\u00e0 e le idee degli anziani;<br \/>\n\u2013 <strong>Sviluppare <\/strong>i rapporti di solidariet\u00e0 e scambio con le generazioni pi\u00f9 giovani.<\/p>\n<p>Auser \u00e8 stata costituita nel <strong>1989 <\/strong>dalla <strong>Cgil <\/strong>e dal Sindacato dei pensionati <strong>Spi-Cgil.<\/strong><br \/>\nE\u2019 riconosciuta come Ente Nazionale avente finalit\u00e0 assistenziali, ed \u00e8 iscritta nel Registro Nazionale delle Associazioni di Promozione Sociale.<br \/>\nE\u2019 una <strong>ONLUS<\/strong>.<\/p>\n<p>Per svolgere al meglio la propria missione, Auser ha deciso, dal 2003, di strutturarsi in due distinte entit\u00e0: <strong>Auser Onlus<\/strong>, che svolge prevalentemente attivit\u00e0 di promozione sociale, e <strong>Federazione Nazionale delle Associazioni Auser di Volontariato<\/strong>, dedicata al volontariato.<\/p>\n<p>&nbsp;[\/vc_column_text][\/vc_column][vc_column width=&#8221;1\/2&#8243; css=&#8221;.vc_custom_1583350541537{margin-top: 30px !important;margin-bottom: 30px !important;}&#8221;]<div id=\"cz_31289\" data-position=\"top-right\" class=\"cz_31289 cz_image clr cz_image_no_fx center_on_mobile\"><div class=\"\" ><div class=\"cz_image_in\"><div class=\"cz_main_image\"><img loading=\"lazy\" decoding=\"async\" width=\"1960\" height=\"1325\" src=\"https:\/\/volontariatomartinafranca.it\/auser\/wp-content\/uploads\/sites\/24\/2019\/12\/sfnd-attesa2.jpg\" class=\"attachment-full\" alt=\"\" title=\"sfnd-attesa2\" srcset=\"https:\/\/volontariatomartinafranca.it\/auser\/wp-content\/uploads\/sites\/24\/2019\/12\/sfnd-attesa2.jpg 1960w, https:\/\/volontariatomartinafranca.it\/auser\/wp-content\/uploads\/sites\/24\/2019\/12\/sfnd-attesa2-300x203.jpg 300w, https:\/\/volontariatomartinafranca.it\/auser\/wp-content\/uploads\/sites\/24\/2019\/12\/sfnd-attesa2-1024x692.jpg 1024w, https:\/\/volontariatomartinafranca.it\/auser\/wp-content\/uploads\/sites\/24\/2019\/12\/sfnd-attesa2-768x519.jpg 768w, https:\/\/volontariatomartinafranca.it\/auser\/wp-content\/uploads\/sites\/24\/2019\/12\/sfnd-attesa2-1536x1038.jpg 1536w, https:\/\/volontariatomartinafranca.it\/auser\/wp-content\/uploads\/sites\/24\/2019\/12\/sfnd-attesa2-600x406.jpg 600w\" sizes=\"auto, (max-width: 1960px) 100vw, 1960px\" \/><\/div><\/div><\/div><\/div>[\/vc_column][\/vc_row][vc_row content_placement=&#8221;top&#8221;][vc_column][vc_empty_space][\/vc_column][\/vc_row]<\/p>\n<\/div>","protected":false},"excerpt":{"rendered":"<p>[vc_column &#8230; <\/p>\n","protected":false},"author":1,"featured_media":0,"parent":0,"menu_order":0,"comment_status":"closed","ping_status":"closed","template":"","meta":{"_acf_changed":false,"footnotes":""},"class_list":["post-43","page","type-page","status-publish","hentry"],"acf":[],"_links":{"self":[{"href":"https:\/\/volontariatomartinafranca.it\/auser\/wp-json\/wp\/v2\/pages\/43","targetHints":{"allow":["GET"]}}],"collection":[{"href":"https:\/\/volontariatomartinafranca.it\/auser\/wp-json\/wp\/v2\/pages"}],"about":[{"href":"https:\/\/volontariatomartinafranca.it\/auser\/wp-json\/wp\/v2\/types\/page"}],"author":[{"embeddable":true,"href":"https:\/\/volontariatomartinafranca.it\/auser\/wp-json\/wp\/v2\/users\/1"}],"replies":[{"embeddable":true,"href":"https:\/\/volontariatomartinafranca.it\/auser\/wp-json\/wp\/v2\/comments?post=43"}],"version-history":[{"count":32,"href":"https:\/\/volontariatomartinafranca.it\/auser\/wp-json\/wp\/v2\/pages\/43\/revisions"}],"predecessor-version":[{"id":484,"href":"https:\/\/volontariatomartinafranca.it\/auser\/wp-json\/wp\/v2\/pages\/43\/revisions\/484"}],"wp:attachment":[{"href":"https:\/\/volontariatomartinafranca.it\/auser\/wp-json\/wp\/v2\/media?parent=43"}],"curies":[{"name":"wp","href":"https:\/\/api.w.org\/{rel}","templated":true}]}}

<div class="wpb-content-wrapper"><p>[vc_row content_placement=&#8221;top&#8221; css=&#8221;.vc_custom_1583350329939{margin-bottom: 0px !important;padding-bottom: 0px !important;}&#8221;][vc_column][vc_custom_heading text=&#8221;Auser&#8221; font_container=&#8221;tag:h3|text_align:left&#8221; use_theme_fonts=&#8221;yes&#8221;][/vc_column][/vc_row][vc_row content_placement=&#8221;top&#8221; css=&#8221;.vc_custom_1583350310546{margin-top: 0px !important;margin-bottom: 0px !important;padding-top: 0px !important;padding-bottom: 0px !important;}&#8221;][vc_column width=&#8221;1/2&#8243; css=&#8221;.vc_custom_1583350447582{margin-bottom: 0px !important;padding-bottom: 0px !important;}&#8221;][vc_column_text css=&#8221;.vc_custom_1611528835828{margin-bottom: 0px !important;}&#8221;]Auser è una associazione di volontariato e di promozione sociale, impegnata nel <strong>favorire l’invecchiamento attivo degli anziani </strong>e valorizzare il loro ruolo nella società.<br />
La nostra proposta associativa è rivolta in maniera prioritaria agli anziani, ma è aperta alle relazioni di dialogo tra generazioni, nazionalità, culture diverse.<br />
Un’associazione per la quale <strong>la persona è protagonista </strong>e risorsa per sé e per gli altri <strong>in tutte le età.</strong></p>
<p>Ci proponiamo di:</p>
<p>–<strong>Migliorare </strong>la qualità della vita;<br />
– <strong>Contrastare </strong>ogni forma di esclusione e discriminazione sociale, in particolare nei confronti dei migranti e delle donne di tutte le età<br />
– <strong>Sostenere </strong>le fragilità<br />
– Diffondere la cultura e la pratica della <strong>solidarietà </strong>e della <strong>partecipazione</strong>;<br />
– <strong>Valorizzare </strong>l’esperienza, le capacità, la creatività e le idee degli anziani;<br />
– <strong>Sviluppare </strong>i rapporti di solidarietà e scambio con le generazioni più giovani.</p>
<p>Auser è stata costituita nel <strong>1989 </strong>dalla <strong>Cgil </strong>e dal Sindacato dei pensionati <strong>Spi-Cgil.</strong><br />
E’ riconosciuta come Ente Nazionale avente finalità assistenziali, ed è iscritta nel Registro Nazionale delle Associazioni di Promozione Sociale.<br />
E’ una <strong>ONLUS</strong>.</p>
<p>Per svolgere al meglio la propria missione, Auser ha deciso, dal 2003, di strutturarsi in due distinte entità: <strong>Auser Onlus</strong>, che svolge prevalentemente attività di promozione sociale, e <strong>Federazione Nazionale delle Associazioni Auser di Volontariato</strong>, dedicata al volontariato.</p>
<p>&nbsp;[/vc_column_text][/vc_column][vc_column width=&#8221;1/2&#8243; css=&#8221;.vc_custom_1583350541537{margin-top: 30px !important;margin-bottom: 30px !important;}&#8221;]<div id="cz_31289" data-position="top-right" class="cz_31289 cz_image clr cz_image_no_fx center_on_mobile"><div class="" ><div class="cz_image_in"><div class="cz_main_image"><img loading="lazy" decoding="async" width="1960" height="1325" src="https://volontariatomartinafranca.it/auser/wp-content/uploads/sites/24/2019/12/sfnd-attesa2.jpg" class="attachment-full" alt="" title="sfnd-attesa2" srcset="https://volontariatomartinafranca.it/auser/wp-content/uploads/sites/24/2019/12/sfnd-attesa2.jpg 1960w, https://volontariatomartinafranca.it/auser/wp-content/uploads/sites/24/2019/12/sfnd-attesa2-300x203.jpg 300w, https://volontariatomartinafranca.it/auser/wp-content/uploads/sites/24/2019/12/sfnd-attesa2-1024x692.jpg 1024w, https://volontariatomartinafranca.it/auser/wp-content/uploads/sites/24/2019/12/sfnd-attesa2-768x519.jpg 768w, https://volontariatomartinafranca.it/auser/wp-content/uploads/sites/24/2019/12/sfnd-attesa2-1536x1038.jpg 1536w, https://volontariatomartinafranca.it/auser/wp-content/uploads/sites/24/2019/12/sfnd-attesa2-600x406.jpg 600w" sizes="auto, (max-width: 1960px) 100vw, 1960px" /></div></div></div></div>[/vc_column][/vc_row][vc_row content_placement=&#8221;top&#8221;][vc_column][vc_empty_space][/vc_column][/vc_row]</p>
</div>
