{"id":468,"date":"2020-07-02T22:50:23","date_gmt":"2020-07-02T20:50:23","guid":{"rendered":"https:\/\/volontariatomartinafranca.it\/castrummartinae\/?page_id=468"},"modified":"2021-02-11T16:16:01","modified_gmt":"2021-02-11T15:16:01","slug":"castrum-martinae","status":"publish","type":"page","link":"https:\/\/volontariatomartinafranca.it\/castrummartinae\/","title":{"rendered":"Castrum Martinae 2015"},"content":{"rendered":"<div class=\"wpb-content-wrapper\"><p>[vc_row css=&#8221;.vc_custom_1576770715519{margin-top: 60px !important;margin-bottom: 40px !important;}&#8221; el_id=&#8221;chisiamo&#8221;][vc_column][vc_custom_heading source=&#8221;post_title&#8221; font_container=&#8221;tag:h2|text_align:center&#8221; use_theme_fonts=&#8221;yes&#8221;][vc_column_text]Finalit\u00e0 dell&#8217; Associazione Culturale Castrum Martinae<\/p>\n<p>L&#8217; associazione Castrum Martinae fondata nel 2015, \u00e8 un\u2019associazione culturale senza scopo di lucro, che si propone di divulgare e promuovere la cultura e l&#8217;arte in tutte le sue forme: poesia, musica, pittura, attraverso presentazioni letterarie, reading poetici, mostre pittoriche e fotografiche, concerti.<br \/>\nTra le peculiarit\u00e0 dell&#8217;associazione vi \u00e8 una particolare attenzione alla salvaguardia, promozione e divulgazione delle tradizioni, della martinesit\u00e0 e della storia locale, attraverso spettacoli in vernacolo e<br \/>\nl&#8217;organizzazione di tours per il centro storico, per far apprezzare sempre di pi\u00f9 le bellezze architettoniche e la storia della nostra citt\u00e0.[\/vc_column_text][vc_btn title=&#8221;Chi siamo&#8221; style=&#8221;classic&#8221; color=&#8221;sky&#8221; align=&#8221;center&#8221; i_icon_fontawesome=&#8221;fab fa-codepen&#8221; add_icon=&#8221;true&#8221; link=&#8221;url:https%3A%2F%2Fvolontariatomartinafranca.it%2Fcastrummartinae%2Fchi-siamo%2F|title:Chi%20siamo||&#8221;][\/vc_column][vc_column][\/vc_column][\/vc_row][vc_section full_width=&#8221;stretch_row&#8221; css=&#8221;.vc_custom_1576150323269{background-color: rgba(237,237,237,0.47) !important;*background-color: rgb(237,237,237) !important;}&#8221;][vc_row][vc_column][vc_custom_heading text=&#8221;eventi&#8221; font_container=&#8221;tag:h2|text_align:center&#8221; use_theme_fonts=&#8221;yes&#8221;][\/vc_column][\/vc_row][vc_row][vc_column][vc_separator el_width=&#8221;50&#8243;][\/vc_column][\/vc_row][vc_row css=&#8221;.vc_custom_1576151100591{margin-bottom: 0px !important;border-bottom-width: 0px !important;padding-bottom: 0px !important;}&#8221;][vc_column][vc_basic_grid post_type=&#8221;post&#8221; max_items=&#8221;3&#8243; item=&#8221;112&#8243; grid_id=&#8221;vc_gid:1612704111573-e41a61e0-945a-2&#8243; taxonomies=&#8221;1&#8243; css=&#8221;.vc_custom_1581952260192{margin-bottom: 0px !important;padding-bottom: 0px !important;}&#8221;][\/vc_column][\/vc_row][\/vc_section][vc_row][vc_column][\/vc_column][\/vc_row]<\/p>\n<\/div>","protected":false},"excerpt":{"rendered":"<p>Finalit\u00e0 dell&#8217; Associazione Culturale Castrum Martinae L&#8217; associazione Castrum Martinae fondata &#8230; <\/p>\n","protected":false},"author":1,"featured_media":485,"parent":0,"menu_order":0,"comment_status":"closed","ping_status":"closed","template":"","meta":{"_acf_changed":false,"footnotes":""},"class_list":["post-468","page","type-page","status-publish","has-post-thumbnail","hentry"],"acf":[],"_links":{"self":[{"href":"https:\/\/volontariatomartinafranca.it\/castrummartinae\/wp-json\/wp\/v2\/pages\/468","targetHints":{"allow":["GET"]}}],"collection":[{"href":"https:\/\/volontariatomartinafranca.it\/castrummartinae\/wp-json\/wp\/v2\/pages"}],"about":[{"href":"https:\/\/volontariatomartinafranca.it\/castrummartinae\/wp-json\/wp\/v2\/types\/page"}],"author":[{"embeddable":true,"href":"https:\/\/volontariatomartinafranca.it\/castrummartinae\/wp-json\/wp\/v2\/users\/1"}],"replies":[{"embeddable":true,"href":"https:\/\/volontariatomartinafranca.it\/castrummartinae\/wp-json\/wp\/v2\/comments?post=468"}],"version-history":[{"count":9,"href":"https:\/\/volontariatomartinafranca.it\/castrummartinae\/wp-json\/wp\/v2\/pages\/468\/revisions"}],"predecessor-version":[{"id":543,"href":"https:\/\/volontariatomartinafranca.it\/castrummartinae\/wp-json\/wp\/v2\/pages\/468\/revisions\/543"}],"wp:featuredmedia":[{"embeddable":true,"href":"https:\/\/volontariatomartinafranca.it\/castrummartinae\/wp-json\/wp\/v2\/media\/485"}],"wp:attachment":[{"href":"https:\/\/volontariatomartinafranca.it\/castrummartinae\/wp-json\/wp\/v2\/media?parent=468"}],"curies":[{"name":"wp","href":"https:\/\/api.w.org\/{rel}","templated":true}]}}